d by (-17)/6*-4 + 116/(-87)?
8
Let k = 11 - 7. Calculate the remainder when (-2 - (-201)/12)*k is divided by 20.
19
Suppose -5*u = 5*l - 55, -u = 4*u. What is the remainder when 43 is divided by l?
10
Let d(b) = -b**2 - 7*b + 2. Let t be d(-4). Let p = t - -3. What is the remainder when p is divided by 9?
8
Suppose 1 = -3*g - 2, -3*t - g + 5 = 0. Suppose 2*s = 3*s + 24. What is the remainder when (s*t)/((-6)/4) is divided by 17?
15
Let x(y) = y**3 - 7*y**2 + 6*y + 2. Let j be x(6). Suppose 5*v + j*f - f - 35 = 0, 3*f + 7 = -v. What is the remainder when 22 is divided by v?
6
Calculate the remainder when 21 is divided by ((-3)/(-6))/((-1)/(-22)).
10
Let h(q) = q**3 - q**2 - q - 1. Let o(w) = -3*w**3 - 6*w**2 + 10*w - 3. Let t(i) = 2*h(i) + o(i). Calculate the remainder when t(-9) is divided by 3.
1
Let w = 3 - -1. Suppose w*j = j + 6. Calculate the remainder when 5 is divided by j.
1
Let b(v) = v + 22. What is the remainder when b(-8) is divided by 5?
4
Suppose 18 - 2 = 4*j. Suppose n + j*r - 10 - 25 = 0, 2*n - 3*r = 26. Let u(q) = q**3 + 6*q**2 - q + 4. Calculate the remainder when n is divided by u(-6).
9
Let x = 2 - -22. Calculate the remainder when (50 - 1) + (-8 - -5) is divided by x.
22
Let c(x) = 8*x + 1. Suppose -3*t + 1 + 8 = 0. What is the remainder when c(t) is divided by 9?
7
Let c(y) = y + 1. Let h be c(5). Let g(s) = 2*s**2 - 9*s. What is the remainder when g(h) is divided by 10?
8
Let r be (6/(-9))/(2/60). Let f = -13 - r. Calculate the remainder when 11 is divided by f.
4
Suppose x - 2 = -0. Suppose 32 = -2*n + 4*n - 5*r, x*r - 64 = -4*n. What is the remainder when 31 is divided by n?
15
Suppose 0 = -3*x + z + 46, 2*x - 57 = -2*x - 3*z. Let u(n) = 2*n**2 + 6*n - 8. Calculate the remainder when u(-6) is divided by x.
13
Calculate the remainder when 68 is divided by ((-70)/25)/((-2)/10).
12
Suppose -5*z + 2*d = -0*d - 266, -2*z - 4*d + 116 = 0. What is the remainder when (-2)/(160/z - 3) is divided by 14?
12
Let d(j) = j**3 + 6*j**2 - j - 4. Let k be d(-6). What is the remainder when 38 is divided by -3 + k - 0 - -14?
12
Let y(q) = -q - 4. Let w be y(-5). Let z be 0/(-2*(w - 0)). Calculate the remainder when 20 is divided by z + 16/2 + -1.
6
Suppose 2*n + 7*v = 2*v - 14, 35 = 5*n - 5*v. Suppose 5*m - 52 = -0*l - n*l, 0 = m - l - 12. Calculate the remainder when 43 is divided by m.
10
Let r = -11 + 30. Calculate the remainder when r is divided by 5.
4
Suppose -139 = -14*z + 127. Suppose -5*b - y = -367, 0 = -3*b + 4*b + y - 71. Calculate the remainder when b is divided by z.
17
Suppose 0 = -43*k + 41*k + 28. Suppose 0 = -5*h + 13 + 12. What is the remainder when k is divided by h?
4
Suppose 3*q + 1 = 67. Let d(n) = 3*n + 4. Let k be d(-3). Let u(z) = -z**3 - 4*z**2 + 3*z - 2. Calculate the remainder when q is divided by u(k).
6
Let z = 9 + -13. Let u = z - -23. What is the remainder when u is divided by 5?
4
Suppose o - 10 = -2. Suppose 4*t = -b + 58, -5*b - o*t + 275 = -3*t. Calculate the remainder when b is divided by 14.
12
Suppose 41 = 5*i - 14. What is the remainder when 21 is divided by i?
10
Let g = 10 + -3. Suppose 3*y - 24 = -2*t - g, 2*t - 35 = -5*y. Calculate the remainder when 43 is divided by y.
7
Let u be 2 + (19 - (3 + -3)). Let q = -1 - 2. Calculate the remainder when 0 - (u*1)/q is divided by 4.
3
Let a = 31 + -20. Suppose -26 = -4*m + 5*q - 0*q, 0 = -4*m - 2*q + 12. What is the remainder when ((-42)/(-10))/(m/20) is divided by a?
10
Suppose 0*w = 2*w + 2, -w = -2*l - 31. Let b = l - -28. Suppose 3*s = m + 101, 0*m - 195 = -5*s - 5*m. Calculate the remainder when s is divided by b.
11
Suppose -5*j + 30 = 5*q, 6 = 2*j - 4*j + 4*q. Suppose -15*m = -14*m. Suppose -5*z + 33 - 3 = m. Calculate the remainder when z is divided by j.
0
Let j(x) = -11*x. Let s(m) = -11*m + 1. Let y(u) = 4*j(u) - 3*s(u). Let b(c) = -c**2 - c + 4. Let r be b(-3). Calculate the remainder when y(r) is divided by 7.
5
Let j(a) = -a**3 - 11*a**2 + 10*a + 1. Calculate the remainder when j(-12) is divided by 13.
12
Suppose 0 = -4*o - 3 + 11. Suppose 3*h + 0 = -o*l + 20, -h + 60 = 4*l. What is the remainder when 45 is divided by l?
13
Let a = 13 - 6. Calculate the remainder when 25 is divided by a.
4
Suppose -t + 0 + 4 = 0. What is the remainder when 11 is divided by t?
3
Let i = 1 + 19. Calculate the remainder when 58 is divided by i.
18
Let b(n) = n + 41. What is the remainder when b(-18) is divided by 10?
3
Let v(a) = -2*a**2 - 11*a - 7. Let w be v(-7). Calculate the remainder when w/(4*(-1)/2) is divided by 4.
2
Suppose 2*p - 13 = -3*t - 2, 4*p = -2*t + 10. Let u = p + 13. Calculate the remainder when 39 is divided by u.
11
Let g = 159 + -79. Calculate the remainder when g is divided by 28.
24
Let y be 3/(9/(-6)) + 5. Suppose -m - y = -15. What is the remainder when 23 is divided by m?
11
Let i(t) = 18*t - 2. Let b be 4/18 + (-48)/(-27). Suppose -2*h + 8 = 5*g - 42, -b*g - 5*h = 1. What is the remainder when i(2) is divided by g?
10
Let b = 251 + -116. Let d = 191 - b. Suppose 3*s + 4*a - d = 0, 6*a - 3*a + 42 = 3*s. What is the remainder when s is divided by 6?
4
Calculate the remainder when 19 is divided by 4*(-1 + 7/2).
9
Let i = 21 + -33. What is the remainder when 19 is divided by (i/8)/(9/(-30))?
4
Suppose -5*l = -6*w + w + 25, -4*w - 5*l + 38 = 0. Calculate the remainder when w is divided by 5.
2
Suppose 0 = -3*i, i = 6*y - 5*y - 23. Calculate the remainder when 37 is divided by y.
14
Let s be 0/((-3 - 0)/3). Suppose 3*r + 0*r - 27 = s. Suppose 2*i - 6 - 4 = 0. What is the remainder when r is divided by i?
4
Suppose 12 = j + j. Calculate the remainder when 22 is divided by j.
4
Let z(t) = t - 8 + 10 - 5. Let y = 5 - 1. What is the remainder when z(y) is divided by 1?
0
Let m = 37 + -17. Calculate the remainder when m is divided by 1*12 - (0 + 1).
9
Let d = 23 + -13. Let b(h) = h**3 - 4*h**2 - 3*h - 6. Calculate the remainder when d is divided by b(5).
2
Let g(w) = -w**2 + 7*w + 6. What is the remainder when 118 is divided by g(6)?
10
Let y(x) be the first derivative of 17*x**2/2 - 3*x - 1. Calculate the remainder when y(2) is divided by 8.
7
Suppose 4*v - 325 = -3*f, 5*f + 5*v - 250 = 295. Calculate the remainder when f is divided by 28.
27
Suppose -3*r + 25 = 2*r. Suppose i = -2*v - 9 + 36, 69 = 4*v + r*i. What is the remainder when 20 is divided by v?
9
Let j be ((-2)/(-4))/(-1)*-12. Let q be (-4)/j - (-137)/3. Suppose 5 = -2*s + q. Calculate the remainder when 59 is divided by s.
19
Suppose 0 = -5*s + 3*s - 2*y + 4, 24 = -4*s + 4*y. What is the remainder when 16 is divided by s*3/(-1) + 3?
7
Let d = -1 - -1. Suppose d = -b - 3*b + 20. Suppose 2*l - 5*h - 39 = -l, 4*l - 17 = -b*h. What is the remainder when 14 is divided by l?
6
Let b = 106 - 76. What is the remainder when b is divided by 8?
6
Suppose 6*n - 53 - 37 = 0. What is the remainder when 88 is divided by n?
13
Let i(z) = -z + 6. Let a be i(3). Let l = a + -3. Suppose -3*u + 0*u + 9 = 0, -5*o - u + 78 = l. What is the remainder when o is divided by 8?
7
Suppose 0 = 4*d + 4*c + c - 21, 0 = 2*d - 2*c - 24. What is the remainder when 35 is divided by d?
8
Suppose -3*p + 61 = 4. Let r(d) = 3*d - 3. Let b be r(4). Let a(n) = -n**3 + 9*n**2 + 5*n + 11. Calculate the remainder when a(b) is divided by p.
18
Suppose 5*p = 2*k - 32, -2*k + 16 = -k - 5*p. Calculate the remainder when 63 is divided by k.
15
Suppose -s - w + 3 = 0, 4*w + 6 = 4*s - 6. Suppose -s*g + 2*n = -17, -4*g + n + 19 = -g. Calculate the remainder when 20 is divided by g.
6
Let s be (0/(-2))/3 + 0. Suppose -5*v + 0*v + 55 = s. What is the remainder when 20 is divided by v?
9
Let h(y) = -7*y**2 + 2 + 4*y + y**3 - 7 - y. Let j be h(7). Suppose -l + 8 = -3*d - j, 3*l - 58 = 2*d. What is the remainder when 35 is divided by l?
17
Suppose 0 = -a + 2*a. Calculate the remainder when 0 - (a - 37 - 2) is divided by 8.
7
Let b = 2 - 4. Let l = b + 14. Suppose -4*x + 28 = -0*x. What is the remainder when l is divided by x?
5
Let z(w) be the third derivative of -w**6/120 + 2*w**5/15 - w**4/12 - w**3/6 - 2*w**2. Calculate the remainder when z(3) is divided by 13.
12
Suppose 4*j - 3*u = 32, j + u + 3*u - 27 = 0. Suppose 4*o - 9 = p, o - 4*p + 1 = -8. What is the remainder when 33 + (-2 + -1)/o is divided by j?
10
Suppose 4*w + u 